{"id":1589,"date":"2023-08-03T16:31:56","date_gmt":"2023-08-03T16:31:56","guid":{"rendered":"https:\/\/bminvest.rs\/?page_id=1589"},"modified":"2024-03-30T19:33:16","modified_gmt":"2024-03-30T19:33:16","slug":"tip-stana-2","status":"publish","type":"page","link":"https:\/\/bminvest.rs\/index.php\/tip-stana-2\/","title":{"rendered":"Tip stana 2"},"content":{"rendered":"\t\t<div data-elementor-type=\"wp-page\" data-elementor-id=\"1589\" class=\"elementor elementor-1589\">\n\t\t\t\t\t\t<div class=\"elementor-inner\">\n\t\t\t\t<div class=\"elementor-section-wrap\">\n\t\t\t\t\t\t\t\t\t<section class=\"elementor-section elementor-top-section elementor-element elementor-element-360519c7 elementor-section-boxed elementor-section-height-default elementor-section-height-default\" data-id=\"360519c7\" data-element_type=\"section\">\n\t\t\t\t\t\t<div class=\"elementor-container elementor-column-gap-default\">\n\t\t\t\t\t\t\t<div class=\"elementor-row\">\n\t\t\t\t\t<div class=\"elementor-column elementor-col-50 elementor-top-column elementor-element elementor-element-2824c8a2\" data-id=\"2824c8a2\" data-element_type=\"column\">\n\t\t\t<div class=\"elementor-column-wrap elementor-element-populated\">\n\t\t\t\t\t\t\t<div class=\"elementor-widget-wrap\">\n\t\t\t\t\t\t<div class=\"elementor-element elementor-element-103016e0 elementor-widget elementor-widget-text-editor\" data-id=\"103016e0\" data-element_type=\"widget\" data-widget_type=\"text-editor.default\">\n\t\t\t\t<div class=\"elementor-widget-container\">\n\t\t\t\t\t\t\t\t<div class=\"elementor-text-editor elementor-clearfix\">\n\t\t\t\t<h3>Tip stana 2<\/h3>\t\t\t\t\t<\/div>\n\t\t\t\t\t\t<\/div>\n\t\t\t\t<\/div>\n\t\t\t\t<div class=\"elementor-element elementor-element-32bbf1f2 elementor-widget-divider--view-line elementor-invisible elementor-widget elementor-widget-divider\" data-id=\"32bbf1f2\" data-element_type=\"widget\" data-settings=\"{&quot;_animation&quot;:&quot;slideInLeft&quot;}\" data-widget_type=\"divider.default\">\n\t\t\t\t<div class=\"elementor-widget-container\">\n\t\t\t\t\t<div class=\"elementor-divider\">\n\t\t\t<span class=\"elementor-divider-separator\">\n\t\t\t\t\t\t<\/span>\n\t\t<\/div>\n\t\t\t\t<\/div>\n\t\t\t\t<\/div>\n\t\t\t\t<div class=\"elementor-element elementor-element-c69a469 elementor-widget elementor-widget-text-editor\" data-id=\"c69a469\" data-element_type=\"widget\" data-widget_type=\"text-editor.default\">\n\t\t\t\t<div class=\"elementor-widget-container\">\n\t\t\t\t\t\t\t\t<div class=\"elementor-text-editor elementor-clearfix\">\n\t\t\t\t<p>Do\u017eivite savr\u0161en spoj udobnosti i \u0161arma u ovom prelepom stanu. Smestio se u mirnom delu grada, pru\u017eaju\u0107i vam idealan balans izme\u0111u gradske \u017eivosti i privatnosti. Ova lokacija omogu\u0107ava brz i jednostavan pristup svim delovima grada.<\/p><p>Stan je opremljen svime \u0161to vam je potrebno za udoban i kvalitetan gradski \u017eivot. Ne propustite priliku da postanete deo ovog o\u010daravaju\u0107eg stambenog prostora. Kontaktirajte nas danas kako biste zakazali obilazak i istra\u017eili sve \u0161to stan ima da ponudi. Radujemo se \u0161to \u0107emo vam predstaviti va\u0161 budu\u0107i dom!<\/p>\t\t\t\t\t<\/div>\n\t\t\t\t\t\t<\/div>\n\t\t\t\t<\/div>\n\t\t\t\t\t\t<\/div>\n\t\t\t\t\t<\/div>\n\t\t<\/div>\n\t\t\t\t<div class=\"elementor-column elementor-col-50 elementor-top-column elementor-element elementor-element-5ebffb67\" data-id=\"5ebffb67\" data-element_type=\"column\">\n\t\t\t<div class=\"elementor-column-wrap elementor-element-populated\">\n\t\t\t\t\t\t\t<div class=\"elementor-widget-wrap\">\n\t\t\t\t\t\t<div class=\"elementor-element elementor-element-8a9f5cf elementor-widget elementor-widget-image\" data-id=\"8a9f5cf\" data-element_type=\"widget\" data-widget_type=\"image.default\">\n\t\t\t\t<div class=\"elementor-widget-container\">\n\t\t\t\t\t\t\t\t<div class=\"elementor-image\">\n\t\t\t\t\t\t\t\t\t\t\t\t<img decoding=\"async\" width=\"720\" height=\"540\" src=\"https:\/\/bminvest.rs\/wp-content\/uploads\/2023\/08\/Zike-Ilica-Final-01-2-1024x768.jpg\" class=\"attachment-large size-large wp-image-1551\" alt=\"\" loading=\"lazy\" srcset=\"https:\/\/bminvest.rs\/wp-content\/uploads\/2023\/08\/Zike-Ilica-Final-01-2-1024x768.jpg 1024w, https:\/\/bminvest.rs\/wp-content\/uploads\/2023\/08\/Zike-Ilica-Final-01-2-300x225.jpg 300w, https:\/\/bminvest.rs\/wp-content\/uploads\/2023\/08\/Zike-Ilica-Final-01-2-768x576.jpg 768w, https:\/\/bminvest.rs\/wp-content\/uploads\/2023\/08\/Zike-Ilica-Final-01-2.jpg 1200w\" sizes=\"(max-width: 720px) 100vw, 720px\" \/>\t\t\t\t\t\t\t\t\t\t\t\t\t\t<\/div>\n\t\t\t\t\t\t<\/div>\n\t\t\t\t<\/div>\n\t\t\t\t\t\t<\/div>\n\t\t\t\t\t<\/div>\n\t\t<\/div>\n\t\t\t\t\t\t\t\t<\/div>\n\t\t\t\t\t<\/div>\n\t\t<\/section>\n\t\t\t\t<section class=\"elementor-section elementor-top-section elementor-element elementor-element-724be330 elementor-section-boxed elementor-section-height-default elementor-section-height-default\" data-id=\"724be330\" data-element_type=\"section\">\n\t\t\t\t\t\t<div class=\"elementor-container elementor-column-gap-default\">\n\t\t\t\t\t\t\t<div class=\"elementor-row\">\n\t\t\t\t\t<div class=\"elementor-column elementor-col-100 elementor-top-column elementor-element elementor-element-1255a37a\" data-id=\"1255a37a\" data-element_type=\"column\">\n\t\t\t<div class=\"elementor-column-wrap elementor-element-populated\">\n\t\t\t\t\t\t\t<div class=\"elementor-widget-wrap\">\n\t\t\t\t\t\t<div class=\"elementor-element elementor-element-552a138f elementor-widget elementor-widget-image\" data-id=\"552a138f\" data-element_type=\"widget\" data-widget_type=\"image.default\">\n\t\t\t\t<div class=\"elementor-widget-container\">\n\t\t\t\t\t\t\t\t<div class=\"elementor-image\">\n\t\t\t\t\t\t\t\t\t\t\t\t<img decoding=\"async\" width=\"1200\" height=\"675\" src=\"https:\/\/bminvest.rs\/wp-content\/uploads\/2023\/08\/Floor-plan-stan-br.-8.jpg\" class=\"attachment-full size-full wp-image-1592\" alt=\"\" loading=\"lazy\" srcset=\"https:\/\/bminvest.rs\/wp-content\/uploads\/2023\/08\/Floor-plan-stan-br.-8.jpg 1200w, https:\/\/bminvest.rs\/wp-content\/uploads\/2023\/08\/Floor-plan-stan-br.-8-300x169.jpg 300w, https:\/\/bminvest.rs\/wp-content\/uploads\/2023\/08\/Floor-plan-stan-br.-8-1024x576.jpg 1024w, https:\/\/bminvest.rs\/wp-content\/uploads\/2023\/08\/Floor-plan-stan-br.-8-768x432.jpg 768w\" sizes=\"(max-width: 1200px) 100vw, 1200px\" \/>\t\t\t\t\t\t\t\t\t\t\t\t\t\t<\/div>\n\t\t\t\t\t\t<\/div>\n\t\t\t\t<\/div>\n\t\t\t\t<div class=\"elementor-element elementor-element-407e9d6f elementor-widget elementor-widget-text-editor\" data-id=\"407e9d6f\" data-element_type=\"widget\" data-widget_type=\"text-editor.default\">\n\t\t\t\t<div class=\"elementor-widget-container\">\n\t\t\t\t\t\t\t\t<div class=\"elementor-text-editor elementor-clearfix\">\n\t\t\t\t<h3>U\u017eivajte u 3D prelepom ambijentu, udobnosti i sjajnoj ponudi.<\/h3>\t\t\t\t\t<\/div>\n\t\t\t\t\t\t<\/div>\n\t\t\t\t<\/div>\n\t\t\t\t<div class=\"elementor-element elementor-element-43c9d16c elementor-widget elementor-widget-text-editor\" data-id=\"43c9d16c\" data-element_type=\"widget\" data-widget_type=\"text-editor.default\">\n\t\t\t\t<div class=\"elementor-widget-container\">\n\t\t\t\t\t\t\t\t<div class=\"elementor-text-editor elementor-clearfix\">\n\t\t\t\t<p>Slike ponekad ne do\u010daravaju prostor na pravi na\u010din, a mi u potpunosti razumemo koliko je va\u017ean ose\u0107aj koji \u0107ete imati u svom novom domu. Da li \u0107e va\u0161a omiljena ugaona garnitura savr\u0161eno pristajati? Gde \u0107e se najbolje uklopiti va\u0161a dragocena komoda? Da li da se odlu\u010dite za ugradne ili samostoje\u0107e radne stolove za decu?<\/p><p>Zato vas pozivamo na uzbudljivu avanturu &#8211; 3D obilazak va\u0161eg budu\u0107eg stana. Do\u017eivite ga kao da ste ve\u0107 kod ku\u0107e, istra\u017eite svaki kutak i razmislite o svim mogu\u0107nostima. Na\u0161 cilj je da vam pru\u017eimo potpuni uvid kako biste doneli najbolju odluku za svoj novi dom.<\/p><p>Pridru\u017eite nam se u ovoj inovativnoj avanturi i krenite prema svom sre\u0107nom i udobnom domu!<\/p>\t\t\t\t\t<\/div>\n\t\t\t\t\t\t<\/div>\n\t\t\t\t<\/div>\n\t\t\t\t\t\t<\/div>\n\t\t\t\t\t<\/div>\n\t\t<\/div>\n\t\t\t\t\t\t\t\t<\/div>\n\t\t\t\t\t<\/div>\n\t\t<\/section>\n\t\t\t\t<section class=\"elementor-section elementor-top-section elementor-element elementor-element-5c141641 elementor-hidden-desktop elementor-hidden-tablet elementor-hidden-mobile elementor-section-boxed elementor-section-height-default elementor-section-height-default\" data-id=\"5c141641\" data-element_type=\"section\">\n\t\t\t\t\t\t<div class=\"elementor-container elementor-column-gap-default\">\n\t\t\t\t\t\t\t<div class=\"elementor-row\">\n\t\t\t\t\t<div class=\"elementor-column elementor-col-100 elementor-top-column elementor-element elementor-element-2e5bc2d\" data-id=\"2e5bc2d\" data-element_type=\"column\">\n\t\t\t<div class=\"elementor-column-wrap elementor-element-populated\">\n\t\t\t\t\t\t\t<div class=\"elementor-widget-wrap\">\n\t\t\t\t\t\t<div class=\"elementor-element elementor-element-5d2aa702 elementor-widget elementor-widget-html\" data-id=\"5d2aa702\" data-element_type=\"widget\" data-widget_type=\"html.default\">\n\t\t\t\t<div class=\"elementor-widget-container\">\n\t\t\t<iframe loading=\"lazy\" width=\"750\" height=\"850\" src=\"https:\/\/shorturl.at\/LNOSX\" title=\"W3Schools Free Online Web Tutorials\"><\/iframe>\t\t<\/div>\n\t\t\t\t<\/div>\n\t\t\t\t\t\t<\/div>\n\t\t\t\t\t<\/div>\n\t\t<\/div>\n\t\t\t\t\t\t\t\t<\/div>\n\t\t\t\t\t<\/div>\n\t\t<\/section>\n\t\t\t\t<section class=\"elementor-section elementor-top-section elementor-element elementor-element-620debd3 elementor-section-boxed elementor-section-height-default elementor-section-height-default\" data-id=\"620debd3\" data-element_type=\"section\">\n\t\t\t\t\t\t<div class=\"elementor-container elementor-column-gap-default\">\n\t\t\t\t\t\t\t<div class=\"elementor-row\">\n\t\t\t\t\t<div class=\"elementor-column elementor-col-100 elementor-top-column elementor-element elementor-element-31e493a8\" data-id=\"31e493a8\" data-element_type=\"column\">\n\t\t\t<div class=\"elementor-column-wrap elementor-element-populated\">\n\t\t\t\t\t\t\t<div class=\"elementor-widget-wrap\">\n\t\t\t\t\t\t<div class=\"elementor-element elementor-element-639d78a3 elementor-widget elementor-widget-text-editor\" data-id=\"639d78a3\" data-element_type=\"widget\" data-widget_type=\"text-editor.default\">\n\t\t\t\t<div class=\"elementor-widget-container\">\n\t\t\t\t\t\t\t\t<div class=\"elementor-text-editor elementor-clearfix\">\n\t\t\t\t<h3>Galerija<\/h3>\t\t\t\t\t<\/div>\n\t\t\t\t\t\t<\/div>\n\t\t\t\t<\/div>\n\t\t\t\t\t\t<\/div>\n\t\t\t\t\t<\/div>\n\t\t<\/div>\n\t\t\t\t\t\t\t\t<\/div>\n\t\t\t\t\t<\/div>\n\t\t<\/section>\n\t\t\t\t<section class=\"elementor-section elementor-top-section elementor-element elementor-element-2792ccbb elementor-section-boxed elementor-section-height-default elementor-section-height-default\" data-id=\"2792ccbb\" data-element_type=\"section\">\n\t\t\t\t\t\t<div class=\"elementor-container elementor-column-gap-default\">\n\t\t\t\t\t\t\t<div class=\"elementor-row\">\n\t\t\t\t\t<div class=\"elementor-column elementor-col-100 elementor-top-column elementor-element elementor-element-4cb0d8da\" data-id=\"4cb0d8da\" data-element_type=\"column\">\n\t\t\t<div class=\"elementor-column-wrap elementor-element-populated\">\n\t\t\t\t\t\t\t<div class=\"elementor-widget-wrap\">\n\t\t\t\t\t\t<div class=\"elementor-element elementor-element-29f5a5dd gallery-spacing-custom elementor-widget elementor-widget-image-gallery\" data-id=\"29f5a5dd\" data-element_type=\"widget\" data-widget_type=\"image-gallery.default\">\n\t\t\t\t<div class=\"elementor-widget-container\">\n\t\t\t\t\t<div class=\"elementor-image-gallery\">\n\t\t\t<div id='gallery-1' class='gallery galleryid-1589 gallery-columns-3 gallery-size-medium_large'><figure class='gallery-item'>\n\t\t\t<div class='gallery-icon landscape'>\n\t\t\t\t<a  href='https:\/\/bminvest.rs\/wp-content\/uploads\/2023\/08\/Stan-br.-8-1.jpg' data-lightbox=\"gal[1589]\"><img width=\"720\" height=\"405\" src=\"https:\/\/bminvest.rs\/wp-content\/uploads\/2023\/08\/Stan-br.-8-1-768x432.jpg\" class=\"attachment-medium_large size-medium_large\" alt=\"\" decoding=\"async\" loading=\"lazy\" srcset=\"https:\/\/bminvest.rs\/wp-content\/uploads\/2023\/08\/Stan-br.-8-1-768x432.jpg 768w, https:\/\/bminvest.rs\/wp-content\/uploads\/2023\/08\/Stan-br.-8-1-300x169.jpg 300w, https:\/\/bminvest.rs\/wp-content\/uploads\/2023\/08\/Stan-br.-8-1-1024x576.jpg 1024w, https:\/\/bminvest.rs\/wp-content\/uploads\/2023\/08\/Stan-br.-8-1.jpg 1200w\" sizes=\"(max-width: 720px) 100vw, 720px\" \/><\/a>\n\t\t\t<\/div><\/figure><figure class='gallery-item'>\n\t\t\t<div class='gallery-icon landscape'>\n\t\t\t\t<a  href='https:\/\/bminvest.rs\/wp-content\/uploads\/2023\/08\/Toalet.jpg' data-lightbox=\"gal[1589]\"><img width=\"720\" height=\"405\" src=\"https:\/\/bminvest.rs\/wp-content\/uploads\/2023\/08\/Toalet-768x432.jpg\" class=\"attachment-medium_large size-medium_large\" alt=\"\" decoding=\"async\" loading=\"lazy\" srcset=\"https:\/\/bminvest.rs\/wp-content\/uploads\/2023\/08\/Toalet-768x432.jpg 768w, https:\/\/bminvest.rs\/wp-content\/uploads\/2023\/08\/Toalet-300x169.jpg 300w, https:\/\/bminvest.rs\/wp-content\/uploads\/2023\/08\/Toalet-1024x576.jpg 1024w, https:\/\/bminvest.rs\/wp-content\/uploads\/2023\/08\/Toalet.jpg 1200w\" sizes=\"(max-width: 720px) 100vw, 720px\" \/><\/a>\n\t\t\t<\/div><\/figure><figure class='gallery-item'>\n\t\t\t<div class='gallery-icon landscape'>\n\t\t\t\t<a  href='https:\/\/bminvest.rs\/wp-content\/uploads\/2023\/08\/Dnevna-soba-1.jpg' data-lightbox=\"gal[1589]\"><img width=\"720\" height=\"405\" src=\"https:\/\/bminvest.rs\/wp-content\/uploads\/2023\/08\/Dnevna-soba-1-768x432.jpg\" class=\"attachment-medium_large size-medium_large\" alt=\"\" decoding=\"async\" loading=\"lazy\" srcset=\"https:\/\/bminvest.rs\/wp-content\/uploads\/2023\/08\/Dnevna-soba-1-768x432.jpg 768w, https:\/\/bminvest.rs\/wp-content\/uploads\/2023\/08\/Dnevna-soba-1-300x169.jpg 300w, https:\/\/bminvest.rs\/wp-content\/uploads\/2023\/08\/Dnevna-soba-1-1024x576.jpg 1024w, https:\/\/bminvest.rs\/wp-content\/uploads\/2023\/08\/Dnevna-soba-1.jpg 1200w\" sizes=\"(max-width: 720px) 100vw, 720px\" \/><\/a>\n\t\t\t<\/div><\/figure><figure class='gallery-item'>\n\t\t\t<div class='gallery-icon landscape'>\n\t\t\t\t<a  href='https:\/\/bminvest.rs\/wp-content\/uploads\/2023\/08\/Dnevna-soba-2.jpg' data-lightbox=\"gal[1589]\"><img width=\"720\" height=\"405\" src=\"https:\/\/bminvest.rs\/wp-content\/uploads\/2023\/08\/Dnevna-soba-2-768x432.jpg\" class=\"attachment-medium_large size-medium_large\" alt=\"\" decoding=\"async\" loading=\"lazy\" srcset=\"https:\/\/bminvest.rs\/wp-content\/uploads\/2023\/08\/Dnevna-soba-2-768x432.jpg 768w, https:\/\/bminvest.rs\/wp-content\/uploads\/2023\/08\/Dnevna-soba-2-300x169.jpg 300w, https:\/\/bminvest.rs\/wp-content\/uploads\/2023\/08\/Dnevna-soba-2-1024x576.jpg 1024w, https:\/\/bminvest.rs\/wp-content\/uploads\/2023\/08\/Dnevna-soba-2.jpg 1200w\" sizes=\"(max-width: 720px) 100vw, 720px\" \/><\/a>\n\t\t\t<\/div><\/figure><figure class='gallery-item'>\n\t\t\t<div class='gallery-icon landscape'>\n\t\t\t\t<a  href='https:\/\/bminvest.rs\/wp-content\/uploads\/2023\/08\/Dnevna-soba-3.jpg' data-lightbox=\"gal[1589]\"><img width=\"720\" height=\"405\" src=\"https:\/\/bminvest.rs\/wp-content\/uploads\/2023\/08\/Dnevna-soba-3-768x432.jpg\" class=\"attachment-medium_large size-medium_large\" alt=\"\" decoding=\"async\" loading=\"lazy\" srcset=\"https:\/\/bminvest.rs\/wp-content\/uploads\/2023\/08\/Dnevna-soba-3-768x432.jpg 768w, https:\/\/bminvest.rs\/wp-content\/uploads\/2023\/08\/Dnevna-soba-3-300x169.jpg 300w, https:\/\/bminvest.rs\/wp-content\/uploads\/2023\/08\/Dnevna-soba-3-1024x576.jpg 1024w, https:\/\/bminvest.rs\/wp-content\/uploads\/2023\/08\/Dnevna-soba-3.jpg 1200w\" sizes=\"(max-width: 720px) 100vw, 720px\" \/><\/a>\n\t\t\t<\/div><\/figure><figure class='gallery-item'>\n\t\t\t<div class='gallery-icon landscape'>\n\t\t\t\t<a  href='https:\/\/bminvest.rs\/wp-content\/uploads\/2023\/08\/Dnevna-soba-4.jpg' data-lightbox=\"gal[1589]\"><img width=\"720\" height=\"405\" src=\"https:\/\/bminvest.rs\/wp-content\/uploads\/2023\/08\/Dnevna-soba-4-768x432.jpg\" class=\"attachment-medium_large size-medium_large\" alt=\"\" decoding=\"async\" loading=\"lazy\" srcset=\"https:\/\/bminvest.rs\/wp-content\/uploads\/2023\/08\/Dnevna-soba-4-768x432.jpg 768w, https:\/\/bminvest.rs\/wp-content\/uploads\/2023\/08\/Dnevna-soba-4-300x169.jpg 300w, https:\/\/bminvest.rs\/wp-content\/uploads\/2023\/08\/Dnevna-soba-4-1024x576.jpg 1024w, https:\/\/bminvest.rs\/wp-content\/uploads\/2023\/08\/Dnevna-soba-4.jpg 1200w\" sizes=\"(max-width: 720px) 100vw, 720px\" \/><\/a>\n\t\t\t<\/div><\/figure><figure class='gallery-item'>\n\t\t\t<div class='gallery-icon landscape'>\n\t\t\t\t<a  href='https:\/\/bminvest.rs\/wp-content\/uploads\/2023\/08\/Hodnik-1.jpg' data-lightbox=\"gal[1589]\"><img width=\"720\" height=\"405\" src=\"https:\/\/bminvest.rs\/wp-content\/uploads\/2023\/08\/Hodnik-1-768x432.jpg\" class=\"attachment-medium_large size-medium_large\" alt=\"\" decoding=\"async\" loading=\"lazy\" srcset=\"https:\/\/bminvest.rs\/wp-content\/uploads\/2023\/08\/Hodnik-1-768x432.jpg 768w, https:\/\/bminvest.rs\/wp-content\/uploads\/2023\/08\/Hodnik-1-300x169.jpg 300w, https:\/\/bminvest.rs\/wp-content\/uploads\/2023\/08\/Hodnik-1-1024x576.jpg 1024w, https:\/\/bminvest.rs\/wp-content\/uploads\/2023\/08\/Hodnik-1.jpg 1200w\" sizes=\"(max-width: 720px) 100vw, 720px\" \/><\/a>\n\t\t\t<\/div><\/figure><figure class='gallery-item'>\n\t\t\t<div class='gallery-icon landscape'>\n\t\t\t\t<a  href='https:\/\/bminvest.rs\/wp-content\/uploads\/2023\/08\/Kuhinja-1.jpg' data-lightbox=\"gal[1589]\"><img width=\"720\" height=\"405\" src=\"https:\/\/bminvest.rs\/wp-content\/uploads\/2023\/08\/Kuhinja-1-768x432.jpg\" class=\"attachment-medium_large size-medium_large\" alt=\"\" decoding=\"async\" loading=\"lazy\" srcset=\"https:\/\/bminvest.rs\/wp-content\/uploads\/2023\/08\/Kuhinja-1-768x432.jpg 768w, https:\/\/bminvest.rs\/wp-content\/uploads\/2023\/08\/Kuhinja-1-300x169.jpg 300w, https:\/\/bminvest.rs\/wp-content\/uploads\/2023\/08\/Kuhinja-1-1024x576.jpg 1024w, https:\/\/bminvest.rs\/wp-content\/uploads\/2023\/08\/Kuhinja-1.jpg 1200w\" sizes=\"(max-width: 720px) 100vw, 720px\" \/><\/a>\n\t\t\t<\/div><\/figure><figure class='gallery-item'>\n\t\t\t<div class='gallery-icon landscape'>\n\t\t\t\t<a  href='https:\/\/bminvest.rs\/wp-content\/uploads\/2023\/08\/Kuhinja-2.jpg' data-lightbox=\"gal[1589]\"><img width=\"720\" height=\"405\" src=\"https:\/\/bminvest.rs\/wp-content\/uploads\/2023\/08\/Kuhinja-2-768x432.jpg\" class=\"attachment-medium_large size-medium_large\" alt=\"\" decoding=\"async\" loading=\"lazy\" srcset=\"https:\/\/bminvest.rs\/wp-content\/uploads\/2023\/08\/Kuhinja-2-768x432.jpg 768w, https:\/\/bminvest.rs\/wp-content\/uploads\/2023\/08\/Kuhinja-2-300x169.jpg 300w, https:\/\/bminvest.rs\/wp-content\/uploads\/2023\/08\/Kuhinja-2-1024x576.jpg 1024w, https:\/\/bminvest.rs\/wp-content\/uploads\/2023\/08\/Kuhinja-2.jpg 1200w\" sizes=\"(max-width: 720px) 100vw, 720px\" \/><\/a>\n\t\t\t<\/div><\/figure><figure class='gallery-item'>\n\t\t\t<div class='gallery-icon landscape'>\n\t\t\t\t<a  href='https:\/\/bminvest.rs\/wp-content\/uploads\/2023\/08\/Spavaca-soba-2.jpg' data-lightbox=\"gal[1589]\"><img width=\"720\" height=\"405\" src=\"https:\/\/bminvest.rs\/wp-content\/uploads\/2023\/08\/Spavaca-soba-2-768x432.jpg\" class=\"attachment-medium_large size-medium_large\" alt=\"\" decoding=\"async\" loading=\"lazy\" srcset=\"https:\/\/bminvest.rs\/wp-content\/uploads\/2023\/08\/Spavaca-soba-2-768x432.jpg 768w, https:\/\/bminvest.rs\/wp-content\/uploads\/2023\/08\/Spavaca-soba-2-300x169.jpg 300w, https:\/\/bminvest.rs\/wp-content\/uploads\/2023\/08\/Spavaca-soba-2-1024x576.jpg 1024w, https:\/\/bminvest.rs\/wp-content\/uploads\/2023\/08\/Spavaca-soba-2.jpg 1200w\" sizes=\"(max-width: 720px) 100vw, 720px\" \/><\/a>\n\t\t\t<\/div><\/figure><figure class='gallery-item'>\n\t\t\t<div class='gallery-icon landscape'>\n\t\t\t\t<a  href='https:\/\/bminvest.rs\/wp-content\/uploads\/2023\/08\/Spavaca-soba.jpg' data-lightbox=\"gal[1589]\"><img width=\"720\" height=\"405\" src=\"https:\/\/bminvest.rs\/wp-content\/uploads\/2023\/08\/Spavaca-soba-768x432.jpg\" class=\"attachment-medium_large size-medium_large\" alt=\"\" decoding=\"async\" loading=\"lazy\" srcset=\"https:\/\/bminvest.rs\/wp-content\/uploads\/2023\/08\/Spavaca-soba-768x432.jpg 768w, https:\/\/bminvest.rs\/wp-content\/uploads\/2023\/08\/Spavaca-soba-300x169.jpg 300w, https:\/\/bminvest.rs\/wp-content\/uploads\/2023\/08\/Spavaca-soba-1024x576.jpg 1024w, https:\/\/bminvest.rs\/wp-content\/uploads\/2023\/08\/Spavaca-soba.jpg 1200w\" sizes=\"(max-width: 720px) 100vw, 720px\" \/><\/a>\n\t\t\t<\/div><\/figure><figure class='gallery-item'>\n\t\t\t<div class='gallery-icon landscape'>\n\t\t\t\t<a  href='https:\/\/bminvest.rs\/wp-content\/uploads\/2023\/08\/Spavaca-soba3.jpg' data-lightbox=\"gal[1589]\"><img width=\"720\" height=\"405\" src=\"https:\/\/bminvest.rs\/wp-content\/uploads\/2023\/08\/Spavaca-soba3-768x432.jpg\" class=\"attachment-medium_large size-medium_large\" alt=\"\" decoding=\"async\" loading=\"lazy\" srcset=\"https:\/\/bminvest.rs\/wp-content\/uploads\/2023\/08\/Spavaca-soba3-768x432.jpg 768w, https:\/\/bminvest.rs\/wp-content\/uploads\/2023\/08\/Spavaca-soba3-300x169.jpg 300w, https:\/\/bminvest.rs\/wp-content\/uploads\/2023\/08\/Spavaca-soba3-1024x576.jpg 1024w, https:\/\/bminvest.rs\/wp-content\/uploads\/2023\/08\/Spavaca-soba3.jpg 1200w\" sizes=\"(max-width: 720px) 100vw, 720px\" \/><\/a>\n\t\t\t<\/div><\/figure>\n\t\t<\/div>\n\t\t<\/div>\n\t\t\t\t<\/div>\n\t\t\t\t<\/div>\n\t\t\t\t\t\t<\/div>\n\t\t\t\t\t<\/div>\n\t\t<\/div>\n\t\t\t\t\t\t\t\t<\/div>\n\t\t\t\t\t<\/div>\n\t\t<\/section>\n\t\t\t\t\t\t\t\t\t<\/div>\n\t\t\t<\/div>\n\t\t\t\t\t<\/div>\n\t\t","protected":false},"excerpt":{"rendered":"<p>Tip stana 2 Do\u017eivite savr\u0161en spoj udobnosti i \u0161arma u ovom prelepom stanu. Smestio se u mirnom delu grada, pru\u017eaju\u0107i vam idealan balans izme\u0111u gradske \u017eivosti i privatnosti. Ova lokacija omogu\u0107ava brz i jednostavan pristup svim delovima grada. Stan je opremljen svime \u0161to vam je potrebno za udoban i kvalitetan gradski \u017eivot. Ne propustite priliku [&hellip;]<\/p>\n","protected":false},"author":1,"featured_media":0,"parent":0,"menu_order":0,"comment_status":"closed","ping_status":"closed","template":"template-fullwidth.php","meta":[],"_links":{"self":[{"href":"https:\/\/bminvest.rs\/index.php\/wp-json\/wp\/v2\/pages\/1589"}],"collection":[{"href":"https:\/\/bminvest.rs\/index.php\/wp-json\/wp\/v2\/pages"}],"about":[{"href":"https:\/\/bminvest.rs\/index.php\/wp-json\/wp\/v2\/types\/page"}],"author":[{"embeddable":true,"href":"https:\/\/bminvest.rs\/index.php\/wp-json\/wp\/v2\/users\/1"}],"replies":[{"embeddable":true,"href":"https:\/\/bminvest.rs\/index.php\/wp-json\/wp\/v2\/comments?post=1589"}],"version-history":[{"count":23,"href":"https:\/\/bminvest.rs\/index.php\/wp-json\/wp\/v2\/pages\/1589\/revisions"}],"predecessor-version":[{"id":1877,"href":"https:\/\/bminvest.rs\/index.php\/wp-json\/wp\/v2\/pages\/1589\/revisions\/1877"}],"wp:attachment":[{"href":"https:\/\/bminvest.rs\/index.php\/wp-json\/wp\/v2\/media?parent=1589"}],"curies":[{"name":"wp","href":"https:\/\/api.w.org\/{rel}","templated":true}]}}