{"id":135,"date":"2017-04-06T10:16:53","date_gmt":"2017-04-06T10:16:53","guid":{"rendered":"https:\/\/www.cssigniter.com\/preview\/carbone\/?page_id=135"},"modified":"2019-07-14T11:01:55","modified_gmt":"2019-07-14T11:01:55","slug":"prodaja-stanova-u-leskovcu","status":"publish","type":"page","link":"https:\/\/bminvest.rs\/index.php\/prodaja-stanova-u-leskovcu\/","title":{"rendered":"PRODAJA STANOVA U LESKOVCU"},"content":{"rendered":"<p>U prilici smo da Vam ponudimo moderne stanove u novogradnji, u centru Leskovca.<br \/>\nU\u017eivajte u mirnom delu centra grada, na par koraka od svih zbivanja. Lokacija savr\u0161ena za Va\u0161 novi dom, obzirom da se na par koraka naleze svi najve\u0107i marketi, pijaca, \u0161kole, vrti\u0107i, apoteke, De\u010dji dispanzer i zdravstvena stanica, gradski parkovi, pravosudne i gradske institucije, a u isto vreme odvojena od saobra\u0107ajne gu\u017eve i buke.<br \/>\nBM INVEST GROUP DOO Leskovac je porodi\u010dna firma, osnovana sa ciljem uvo\u0111enja novih standarda na tr\u017ei\u0161tu stanova i nekretnina na teritoriji grada Leskovca. Pomenuti standardi odnosi\u0107e se na sigurnost pri kupovini, kvalitetu i efikasnosti gradnje.<\/p>\n<p>Ukoliko se odlu\u010dite da nam poklonite poverenje, garantujemo Vam sigrunu i bezbednu kupovinu va\u0161eg stana, bez bojazni da \u0107e Va\u0161 stan biti optere\u0107en hipotekom ili drugim teretom. Tako\u0111e, obezbe\u0111ujemo Vam celokupnu pravnu pomo\u0107 u pogledu realizacije kupovine, upisu prava svojine na stanu, pla\u0107anja poreza na prenos apsolutnih prava, povra\u0107aja PDV-a na prvi stan i svaku drugu pomo\u0107 potrebnu prilikom realziacije kupovine va\u0161e nepokretnosti.<\/p>\n<p>Organizacija izvo\u0111enja radova sa ciljem efikasne gradnje i po\u0161tovanja zadatih rokova je na\u0161 primarni cilj, zbog \u010dega je na\u0161e privredno dru\u0161tvo pre po\u010detka izvo\u0111enja radova ugovorilo sve radove za gradnju objekta od temelja do krova, kako ne bi bilo ka\u0161njenja u izvo\u0111enju radova, a istovremeno predvidelo sve materijale koji \u0107e biti ugra\u0111eni u objekat.<\/p>\n","protected":false},"excerpt":{"rendered":"<p>U prilici smo da Vam ponudimo moderne stanove u novogradnji, u centru Leskovca. U\u017eivajte u mirnom delu centra grada, na par koraka od svih zbivanja. Lokacija savr\u0161ena za Va\u0161 novi dom, obzirom da se na par koraka naleze svi najve\u0107i marketi, pijaca, \u0161kole, vrti\u0107i, apoteke, De\u010dji dispanzer i zdravstvena stanica, gradski parkovi, pravosudne i gradske [&hellip;]<\/p>\n","protected":false},"author":2,"featured_media":895,"parent":0,"menu_order":0,"comment_status":"closed","ping_status":"closed","template":"template-fullwidth.php","meta":[],"_links":{"self":[{"href":"https:\/\/bminvest.rs\/index.php\/wp-json\/wp\/v2\/pages\/135"}],"collection":[{"href":"https:\/\/bminvest.rs\/index.php\/wp-json\/wp\/v2\/pages"}],"about":[{"href":"https:\/\/bminvest.rs\/index.php\/wp-json\/wp\/v2\/types\/page"}],"author":[{"embeddable":true,"href":"https:\/\/bminvest.rs\/index.php\/wp-json\/wp\/v2\/users\/2"}],"replies":[{"embeddable":true,"href":"https:\/\/bminvest.rs\/index.php\/wp-json\/wp\/v2\/comments?post=135"}],"version-history":[{"count":11,"href":"https:\/\/bminvest.rs\/index.php\/wp-json\/wp\/v2\/pages\/135\/revisions"}],"predecessor-version":[{"id":891,"href":"https:\/\/bminvest.rs\/index.php\/wp-json\/wp\/v2\/pages\/135\/revisions\/891"}],"wp:featuredmedia":[{"embeddable":true,"href":"https:\/\/bminvest.rs\/index.php\/wp-json\/wp\/v2\/media\/895"}],"wp:attachment":[{"href":"https:\/\/bminvest.rs\/index.php\/wp-json\/wp\/v2\/media?parent=135"}],"curies":[{"name":"wp","href":"https:\/\/api.w.org\/{rel}","templated":true}]}}